474330.
2, 5, 23, 1151, 35521
List the prime factors of 243989876.
2, 13, 29, 137, 1181
List the prime factors of 1060826081.
7, 4391, 34513
What are the prime factors of 100885072?
2, 17, 421, 881
List the prime factors of 6497987862.
2, 3, 587, 1844971
What are the prime factors of 652892281?
652892281
What are the prime factors of 380871233?
313, 1216841
List the prime factors of 991258847.
991258847
What are the prime factors of 653741045?
5, 89, 1469081
List the prime factors of 736080800.
2, 5, 7, 13, 10111
What are the prime factors of 176273248?
2, 67, 82217
What are the prime factors of 249865000?
2, 5, 7, 11, 59
List the prime factors of 588191969.
43, 3541, 3863
List the prime factors of 219892208.
2, 13743263
List the prime factors of 1746779844.
2, 3, 127, 881, 1301
What are the prime factors of 23757574?
2, 23, 516469
What are the prime factors of 505016055?
3, 5, 11222579
List the prime factors of 71941180.
2, 5, 3597059
What are the prime factors of 3298670653?
43, 76713271
What are the prime factors of 36111543?
3, 13, 925937
List the prime factors of 81748656.
2, 3, 11, 17203
List the prime factors of 265963630.
2, 5, 26596363
List the prime factors of 48473293.
11, 37, 119099
What are the prime factors of 1344020?
2, 5, 17, 59, 67
List the prime factors of 29439941.
977, 30133
List the prime factors of 7054455.
3, 5, 470297
What are the prime factors of 150528196?
2, 7, 13, 59077
What are the prime factors of 2208764170?
2, 5, 220876417
List the prime factors of 424900340.
2, 5, 113, 229, 821
What are the prime factors of 306578967?
3, 102192989
List the prime factors of 1271712.
2, 3, 13, 1019
List the prime factors of 1623088072.
2, 19, 2879, 3709
List the prime factors of 309696.
2, 3, 1613
List the prime factors of 733646939.
23, 61, 151, 3463
What are the prime factors of 102571249?
11, 47, 198397
List the prime factors of 184298918.
2, 92149459
List the prime factors of 791654403.
3, 263884801
List the prime factors of 218154545.
5, 7, 6232987
List the prime factors of 75723350.
2, 5, 29, 52223
List the prime factors of 141356675.
5, 19, 79, 3767
What are the prime factors of 79615368?
2, 3, 7, 47, 3361
What are the prime factors of 162733328?
2, 19, 43, 59, 211
What are the prime factors of 184898760?
2, 3, 5, 1540823
What are the prime factors of 294396321?
3, 98132107
List the prime factors of 737613249.
3, 71, 3462973
List the prime factors of 68777444.
2, 17, 29, 34877
List the prime factors of 385661154.
2, 3, 61, 127, 8297
List the prime factors of 494713962.
2, 3, 27484109
List the prime factors of 113324942.
2, 56662471
List the prime factors of 664333685.
5, 132866737
List the prime factors of 181834795.
5, 41, 886999
What are the prime factors of 321527943?
3, 11, 631, 5147
List the prime factors of 32158798.
2, 7, 17, 97, 199
What are the prime factors of 403096500?
2, 3, 5, 37, 269
What are the prime factors of 2055597375?
3, 5, 13, 421661
List the prime factors of 1074375445.
5, 11, 13, 479, 3137
What are the prime factors of 1144405?
5, 228881
List the prime factors of 169994473.
11, 941, 1493
What are the prime factors of 35271230?
2, 5, 307, 11489
List the prime factors of 6974159766.
2, 3, 7, 43, 47, 82163
What are the prime factors of 1692956957?
163, 457, 22727
List the prime factors of 33963496.
2, 7, 157, 3863
List the prime factors of 216107089.
11, 347, 5147
What are the prime factors of 137571235?
5, 241, 114167
What are the prime factors of 4998647632?
2, 11, 17, 937, 1783
List the prime factors of 85310300.
2, 5, 853103
What are the prime factors of 180505658?
2, 43, 2098903
List the prime factors of 4867275026.
2, 25309, 96157
What are the prime factors of 138142354?
2, 7, 2851, 3461
What are the prime factors of 82380984?
2, 3, 7, 439, 1117
What are the prime factors of 619897750?
2, 5, 73, 33967
What are the prime factors of 636263452?
2, 11, 14460533
List the prime factors of 51549709.
51549709
List the prime factors of 156624783.
3, 7, 139, 53657
List the prime factors of 68693057.
68693057
List the prime factors of 414693082.
2, 23, 181, 49807
What are the prime factors of 1110106015?
5, 222021203
What are the prime factors of 146123907?
3, 83, 449, 1307
List the prime factors of 839154313.
1201, 698713
List the prime factors of 831273156.
2, 3, 7, 107, 30829
List the prime factors of 1320726.
2, 3, 11, 20011
What are the prime factors of 32772203?
89, 368227
What are the prime factors of 57237350?
2, 5, 53, 21599
List the prime factors of 36295390.
2, 5, 1307, 2777
List the prime factors of 97135005.
3, 5, 11, 461, 1277
What are the prime factors of 52293495?
3, 5, 3486233
What are the prime factors of 43976031?
3, 11, 191, 6977
List the prime factors of 3460252369.
7, 17, 257, 113143
List the prime factors of 154722664.
2, 461, 41953
What are the prime factors of 53726976?
2, 3, 2591
What are the prime factors of 11254004?
2, 19, 148079
What are the prime factors of 206208312?
2, 3, 67, 128239
What are the prime factors of 217989925?
5, 89, 97973
List the prime factors of 329981431.
13, 25383187
What are the prime factors of 416881806?
2, 3, 11, 337, 18743
What are the prime factors of 186644102?
2, 97, 251, 3833
What are the prime factors of 24128535?
3, 5, 1608569
What are the prime factors of 547010433?
3, 60778937
What are the prime factors of 585932466?
2, 3, 7, 13950773
What are the prime factors of 2079578119?
53, 39237323
List the prime factors of 847369893.
3, 37, 7633963
What are the prime factors of 527045863?
1069, 493027
What are the prime factors of 6353174?
2, 109, 151, 193
List the prime factors of 17136889.
7, 11, 222557
What are the prime factors of 4265982473?
41, 104048353
What are the prime factors of 121119169?
17, 7124657
What are the prime factors of 783212854?
2, 391606427
What are the prime factors of 35655201?
3, 103, 12821
What are the prime factors of 115325853?
3, 38441951
What are the prime factors of 3912885771?
3, 1559, 836623
What are the prime factors of 160031781?
3, 7, 13, 7237
What are the prime factors of 13705749?
3, 433, 3517
List the prime factors of 32105554.
2, 13, 17, 19, 3823
List the prime factors of 257719102.
2, 128859551
What are the prime factors of 225969566?
2, 29, 3896027
What are the prime factors of 652950154?
2, 7297, 44741
What are the prime factors of 2278673489?
17, 1549, 86533
List the prime factors of 3694316883.
3, 1759, 700079
What are the prime factors of 5209754393?
157, 33183149
What are the prime factors of 285058273?
19, 15003067
List the prime factors of 550480565.
5, 110096113
List the prime factors of 2013401449.
17959, 112111
What are the prime factors of 5373985919?
5373985919
What are the prime factors of 1952554319?
59, 33094141
List the prime factors of 2137400872.
2, 73, 3659933
What are the prime factors of 139276851?
3, 7, 6632231
List the prime factors of 665511208.
2, 83188901
What are the prime factors of 44059728?
2, 3, 97, 9463
What are the prime factors of 736391087?
311, 2367817
List the prime factors of 63455860.
2, 5, 13, 61, 4001
List the prime factors of 232084383.
3, 31, 79, 1019
What are the prime factors of 147512057?
7, 11, 1915741
What are the prime factors of 41570296?
2, 5196287
What are the prime factors of 363992003?
227, 1603489
List the prime factors of 4195149.
3, 7, 107, 1867
List the prime factors of 2123207822.
2, 1061603911
What are the prime factors of 336087665?
5, 1061, 63353
List the prime factors of 77836565.
5, 15567313
List the prime factors of 2329281605.
5, 7, 17, 1583, 2473
What are the prime factors of 4055539?
4055539
What are the prime factors of 451796784?
2, 3, 9412433
What are the prime factors of 72999755?
5, 443, 32957
List the prime factors of 39070704.
2, 3, 41, 19853
List the prime factors of 2986473881.
2986473881
What are the prime factors of 156712616?
2, 23, 79, 10781
What are the prime factors of 210119816?
2, 2801, 9377
What are the prime factors of 9323024?
2, 582689
What are the prime factors of 46885808?
2, 29, 37, 2731
List the prime factors of 143257495.
5, 2341, 12239
What are the prime factors of 14883810?
2, 3, 5, 496127
List the prime factors of 309538301.
23, 113, 119099
What are the prime factors of 131265160?
2, 5, 13, 17, 31, 479
List 